11 (base 3) in base 10?
-5683
What is -4225 (base 6) in base 14?
-4c1
288 (base 13) to base 16
1c2
What is 145402 (base 8) in base 13?
1a869
-20010 (base 4) to base 10
-516
Convert 20 (base 5) to base 3.
101
-10110001101010 (base 2) to base 6
-124350
What is -112311 (base 5) in base 16?
-ff1
What is 1110010001111 (base 2) in base 8?
16217
Convert -3334 (base 5) to base 16.
-1d5
14139 (base 10) to base 7
56136
Convert 15214 (base 6) to base 5.
34313
What is -1632 (base 8) in base 5?
-12142
-12134 (base 7) to base 14
-121b
What is -38a9 (base 15) in base 7?
-50142
What is -1863 (base 10) in base 12?
-10b3
Convert -450 (base 8) to base 2.
-100101000
337 (base 14) to base 13
3a0
1720 (base 8) to base 14
4da
Convert -94d5 (base 15) to base 16.
-7af3
What is -1516 (base 9) in base 15?
-519
What is -a630 (base 11) in base 10?
-14069
3838 (base 13) to base 5
223430
-25136 (base 7) to base 9
-10035
-ce8 (base 16) to base 7
-12430
Convert 1300013 (base 4) to base 5.
212200
Convert 21120 (base 4) to base 12.
420
-39b9 (base 12) to base 3
-100002020
Convert -14240 (base 5) to base 10.
-1195
Convert -35a (base 12) to base 8.
-766
-148 (base 14) to base 8
-404
Convert 3324 (base 7) to base 4.
102222
27a (base 12) to base 4
11332
What is 2534 (base 7) in base 4?
32330
Convert -688a (base 12) to base 13.
-53a4
-22022011 (base 3) to base 4
-1132210
Convert 1274 (base 10) to base 11.
a59
-61016 (base 8) to base 7
-133120
-45452 (base 8) to base 2
-100101100101010
Convert -32133 (base 6) to base 9.
-6003
-150 (base 11) to base 9
-215
216566 (base 7) to base 11
26909
What is ac (base 14) in base 7?
305
-212 (base 4) to base 10
-38
What is 4252 (base 6) in base 8?
1710
3434321 (base 5) to base 16
f18c
Convert -1335 (base 12) to base 7.
-6263
What is -1010011011100 (base 2) in base 3?
-21022210
-30353 (base 6) to base 14
-167b
What is -10222230 (base 5) in base 8?
-247664
-33620 (base 7) to base 5
-233130
210455 (base 6) to base 7
100433
Convert 166 (base 13) to base 10.
253
-11e6 (base 15) to base 7
-14061
-62445 (base 7) to base 14
-5825
What is -15c (base 15) in base 16?
-138
-101100002 (base 3) to base 13
-3578
Convert 9022 (base 10) to base 14.
3406
Convert 10110100001 (base 2) to base 15.
661
2520 (base 10) to base 4
213120
Convert 20321 (base 4) to base 15.
27e
-147 (base 15) to base 9
-354
Convert 103143 (base 6) to base 12.
4ab3
Convert 3f16 (base 16) to base 15.
4bba
Convert 11101100110 (base 2) to base 7.
5344
-2617 (base 11) to base 5
-102111
Convert 2101111211 (base 3) to base 14.
131d3
Convert -2061 (base 10) to base 16.
-80d
What is -1275 (base 10) in base 8?
-2373
113031 (base 4) to base 2
10111001101
4485 (base 12) to base 13
35ba
Convert -1573 (base 12) to base 7.
-10251
101100011111001 (base 2) to base 3
1011020121
What is 28718 (base 9) in base 4?
10301102
Convert -10 (base 7) to base 5.
-12
10013021 (base 4) to base 10
16841
What is -1060 (base 8) in base 3?
-202202
Convert 737 (base 10) to base 2.
1011100001
What is -101010110001100 (base 2) in base 14?
-7da4
Convert 1075 (base 8) to base 4.
20331
Convert 99c (base 15) to base 8.
4174
-62 (base 10) to base 8
-76
What is -1502 (base 6) in base 14?
-206
What is -3054 (base 8) in base 16?
-62c
What is 15326 (base 7) in base 9?
5778
Convert -45110 (base 8) to base 11.
-13318
Convert 15763 (base 9) to base 11.
8156
What is 3171 (base 11) in base 2?
1000001100000
29a2 (base 13) to base 12
35bb
What is 83d (base 15) in base 16?
742
-1113240 (base 6) to base 4
-31302120
211 (base 10) to base 2
11010011
70bb (base 14) to base 4
10232231
Convert 15 (base 12) to base 16.
11
Convert 596 (base 16) to base 13.
860
Convert 14b (base 13) to base 2.
11101000
111011010 (base 2) to base 6
2110
Convert bc (base 15) to base 4.
2301
What is 81a5 (base 12) in base 14?
51c9
What is -12305 (base 8) in base 4?
-1103011
3dc (base 15) to base 3
1012200
What is 10022 (base 5) in base 3?
212121
What is -110111200 (base 3) in base 5?
-242432
Convert -22223 (base 4) to base 14.
-36b
What is 2ca1 (base 13) in base 12?
3961
What is 3013320 (base 4) in base 7?
52203
11110011001 (base 2) to base 11
1509
-121010101 (base 3) to base 12
-6977
Convert -21022102 (base 3) to base 2.
-1010011010010
984 (base 11) to base 13
6cb
What is -28662 (base 11) in base 6?
-512312
Convert 3c62 (base 14) to base 11.
8020
-110415 (base 7) to base 4
-10233120
What is 518 (base 16) in base 3?
1210022
What is 2638 (base 9) in base 15?
8be
-17a8b (base 12) to base 2
-1000011001001011
Convert 3d (base 15) to base 8.
72
What is 12f48 (base 16) in base 14?
2041a
-4173 (base 8) to base 6
-14015
2434 (base 7) to base 5
12112
-101000 (base 5) to base 4
-302302
Convert 12122002 (base 3) to base 2.
1000000001010
Convert 609e (base 15) to base 9.
30875
-10442 (base 5) to base 11
-61a
Convert 155 (base 8) to base 6.
301
What is 133126 (base 8) in base 10?
46678
25540 (base 6) to base 10
3876
Convert -1403220 (base 5) to base 11.
-1a504
-221222 (base 3) to base 2
-1010111101
-10223303 (base 4) to base 6
-224455
What is 11122022 (base 3) in base 6?
23355
Convert -11d (base 14) to base 16.
-df
What is -16060 (base 12) in base 6?
-400200
Convert -a287 (base 16) to base 9.
-63060
What is 953 (base 11) in base 9?
1514
-db2 (base 14) to base 3
-10201011
What is -34661 (base 7) in base 13?
-4097
-3015 (base 7) to base 9
-1376
1111122 (base 5) to base 6
230241
Convert 65276 (base 8) to base 4.
12222332
3294 (base 10) to base 9
4460
Convert 4334 (base 7) to base 14.
7c4
Convert 3012120 (base 4) to base 8.
30630
What is 3113 (base 8) in base 7?
4461
What is -8a7 (base 11) in base 7?
-3110
46 (base 11) to base 6
122
What is 6950 (base 11) in base 2?
10001110101010
Convert 469c (base 15) to base 14.
5673
Convert -1001101010 (base 2) to base 7.
-1542
-88a7 (base 11) to base 10
-11733
Convert -111101101 (base 2) to base 8.
-755
50a1 (base 12) to base 13
3cac
Convert 1d3a (base 16) to base 11.
5692
Convert 10200 (base 4) to base 15.
143
-3110001 (base 4) to base 10
-13569
Convert 316 (base 11) to base 8.
574
3031 (base 5) to base 7
1066
Convert 2011023 (base 5) to base 11.
22063
10212120 (base 3) to base 11
2137
What is 120130 (base 4) in base 13?
934
11111110 (base 2) to base 11
211
What is 1811 (base 10) in base 4?
130103
Convert 32e (base 15) to base 16.
2cf
What is -29c (base 16) in base 7?
-1643
What is -10130 (base 6) in base 5?
-20400
Convert -478 (base 11) to base 4.
-20321
What is -1652 (base 9) in base 15?
-592
What is -1122021 (base 3) in base 4?
-102223
What is 35221 (base 7) in base 11?
6870
What is 710 (base 15) in base 10?
1590
Convert -2a3 (base 13) to base 5.
-3341
1010101010011 (base 2) to base 15
193e
What is 7b2 (base 14) in base 5?
22103
624a (base 12) to base 6
121334
Convert -1011110110010 (base 2) to base 8.
-13662
What is -3141330 (base 5) in base 16?
-cdeb
-3131 (base 11) to base 15
-1368
3220104 (base 5) to base 13
1b9bc
Convert -4771 (base 8) to base 15.
-b53
14660 (base 10) to base 5
432120
Convert 12 (base 16) to base 2.
10010
Convert a176 (base 13) to base 12.
10a50
What is -1101010110 (base 2) in base 11?
-707
What is -3381 (base 10) in base 13?
-1701
-414023 (base 6) to base 2
-1000000111111111
-12555 (base 11) to base 5
-1033333
-247 (base 15) to base 16
-205
Convert -843 (base 14) to base 2.
-11001011011
Convert 293 (base 12) to base 7.
1110
Convert -12110110 (base 3) to base 16.
-f8d
What is -136aa (base 14) in base 6?
-1010034
What is -13990 (base 10) in base 3?
-201012011
What is 230 (base 12) in base 10?
324
What is -34263 (base 8) in base 12?
-8497
Convert 614 (base 7) to base 12.
215
1143022 (base 5) to base 16
5485
What is a3d (base 15) in base 10?
2308
Convert 221102 (base 4) to base 9.
3555
-20c (base 13) to base 2
-101011110
-1187 (base 13) to base 2
-100110101101
Convert 221 (base 8) to base 10.
145
9935 (base 11) to base 10
13106
5e39 (base 15) to base 2
100111001101111
-2229 (base 10) to base 2
-100010110101
What is 3100 (base 5) in base 4?
12100
-491 (base 10) to base 11
-407
Convert -919 (base 14) to base 2.
-11011111011
-a1b (base 13) to base 6
-11534
11ba9 (base 12) to base 4
11321301
-24 (base 8) to base 15
-15
What is -2113 (base 4) in base 9?
-177
2299 (base 15) to base 16
1cb0
-532 (base 8) to base 7
-1003
-33021 (bas